{"id":24808,"date":"2017-12-31T19:06:47","date_gmt":"2017-12-31T18:06:47","guid":{"rendered":"https:\/\/metalmakowska.pl\/?page_id=24808"},"modified":"2021-04-09T11:46:09","modified_gmt":"2021-04-09T09:46:09","slug":"oferta","status":"publish","type":"page","link":"https:\/\/metalmakowska.pl\/?page_id=24808","title":{"rendered":"OFERTA"},"content":{"rendered":"<p>[et_pb_section fb_built=&#8221;1&#8243; fullwidth=&#8221;on&#8221; _builder_version=&#8221;3.22&#8243;][et_pb_fullwidth_slider admin_label=&#8221;slider metal makowska&#8221; _builder_version=&#8221;3.0.99&#8243; show_inner_shadow=&#8221;on&#8221; global_module=&#8221;24857&#8243; saved_tabs=&#8221;all&#8221; button_text_size__hover_enabled=&#8221;off&#8221; button_one_text_size__hover_enabled=&#8221;off&#8221; button_two_text_size__hover_enabled=&#8221;off&#8221; button_text_color__hover_enabled=&#8221;off&#8221; button_one_text_color__hover_enabled=&#8221;off&#8221; button_two_text_color__hover_enabled=&#8221;off&#8221; button_border_width__hover_enabled=&#8221;off&#8221; button_one_border_width__hover_enabled=&#8221;off&#8221; button_two_border_width__hover_enabled=&#8221;off&#8221; button_border_color__hover_enabled=&#8221;off&#8221; button_one_border_color__hover_enabled=&#8221;off&#8221; button_two_border_color__hover_enabled=&#8221;off&#8221; button_border_radius__hover_enabled=&#8221;off&#8221; button_one_border_radius__hover_enabled=&#8221;off&#8221; button_two_border_radius__hover_enabled=&#8221;off&#8221; button_letter_spacing__hover_enabled=&#8221;off&#8221; button_one_letter_spacing__hover_enabled=&#8221;off&#8221; button_two_letter_spacing__hover_enabled=&#8221;off&#8221; button_bg_color__hover_enabled=&#8221;off&#8221; button_one_bg_color__hover_enabled=&#8221;off&#8221; button_two_bg_color__hover_enabled=&#8221;off&#8221;][et_pb_slide use_bg_overlay=&#8221;off&#8221; use_text_overlay=&#8221;off&#8221; admin_title=&#8221;metal makowska&#8221; _builder_version=&#8221;3.16&#8243; background_color=&#8221;#ffffff&#8221; background_image=&#8221;https:\/\/metalmakowska.pl\/wp-content\/uploads\/2017\/12\/h1-1.jpg&#8221; sticky_transition=&#8221;on&#8221; button_text_size__hover_enabled=&#8221;off&#8221; button_one_text_size__hover_enabled=&#8221;off&#8221; button_two_text_size__hover_enabled=&#8221;off&#8221; button_text_color__hover_enabled=&#8221;off&#8221; button_one_text_color__hover_enabled=&#8221;off&#8221; button_two_text_color__hover_enabled=&#8221;off&#8221; button_border_width__hover_enabled=&#8221;off&#8221; button_one_border_width__hover_enabled=&#8221;off&#8221; button_two_border_width__hover_enabled=&#8221;off&#8221; button_border_color__hover_enabled=&#8221;off&#8221; button_one_border_color__hover_enabled=&#8221;off&#8221; button_two_border_color__hover_enabled=&#8221;off&#8221; button_border_radius__hover_enabled=&#8221;off&#8221; button_one_border_radius__hover_enabled=&#8221;off&#8221; button_two_border_radius__hover_enabled=&#8221;off&#8221; button_letter_spacing__hover_enabled=&#8221;off&#8221; button_one_letter_spacing__hover_enabled=&#8221;off&#8221; button_two_letter_spacing__hover_enabled=&#8221;off&#8221; button_bg_color__hover_enabled=&#8221;off&#8221; button_one_bg_color__hover_enabled=&#8221;off&#8221; button_two_bg_color__hover_enabled=&#8221;off&#8221;]<\/p>\n<p>&nbsp;<\/p>\n<p>&nbsp;<\/p>\n<p>&nbsp;<\/p>\n<p>&nbsp;<\/p>\n<p>&nbsp;<\/p>\n<p>&nbsp;<\/p>\n<p>[\/et_pb_slide][et_pb_slide use_bg_overlay=&#8221;off&#8221; use_text_overlay=&#8221;off&#8221; admin_title=&#8221;stal i wyroby hutnicze&#8221; _builder_version=&#8221;3.16&#8243; background_color=&#8221;#ffffff&#8221; background_image=&#8221;https:\/\/metalmakowska.pl\/wp-content\/uploads\/2017\/12\/h2-1.jpg&#8221; sticky_transition=&#8221;on&#8221; button_text_size__hover_enabled=&#8221;off&#8221; button_one_text_size__hover_enabled=&#8221;off&#8221; button_two_text_size__hover_enabled=&#8221;off&#8221; button_text_color__hover_enabled=&#8221;off&#8221; button_one_text_color__hover_enabled=&#8221;off&#8221; button_two_text_color__hover_enabled=&#8221;off&#8221; button_border_width__hover_enabled=&#8221;off&#8221; button_one_border_width__hover_enabled=&#8221;off&#8221; button_two_border_width__hover_enabled=&#8221;off&#8221; button_border_color__hover_enabled=&#8221;off&#8221; button_one_border_color__hover_enabled=&#8221;off&#8221; button_two_border_color__hover_enabled=&#8221;off&#8221; button_border_radius__hover_enabled=&#8221;off&#8221; button_one_border_radius__hover_enabled=&#8221;off&#8221; button_two_border_radius__hover_enabled=&#8221;off&#8221; button_letter_spacing__hover_enabled=&#8221;off&#8221; button_one_letter_spacing__hover_enabled=&#8221;off&#8221; button_two_letter_spacing__hover_enabled=&#8221;off&#8221; button_bg_color__hover_enabled=&#8221;off&#8221; button_one_bg_color__hover_enabled=&#8221;off&#8221; button_two_bg_color__hover_enabled=&#8221;off&#8221;]<\/p>\n<p>&nbsp;<\/p>\n<p>&nbsp;<\/p>\n<p>&nbsp;<\/p>\n<p>&nbsp;<\/p>\n<p>&nbsp;<\/p>\n<p>&nbsp;<\/p>\n<p>[\/et_pb_slide][et_pb_slide use_bg_overlay=&#8221;off&#8221; use_text_overlay=&#8221;off&#8221; admin_title=&#8221;skup z\u0142omu&#8221; _builder_version=&#8221;3.16&#8243; background_color=&#8221;#ffffff&#8221; background_image=&#8221;https:\/\/metalmakowska.pl\/wp-content\/uploads\/2017\/12\/h3-1.jpg&#8221; sticky_transition=&#8221;on&#8221; button_text_size__hover_enabled=&#8221;off&#8221; button_one_text_size__hover_enabled=&#8221;off&#8221; button_two_text_size__hover_enabled=&#8221;off&#8221; button_text_color__hover_enabled=&#8221;off&#8221; button_one_text_color__hover_enabled=&#8221;off&#8221; button_two_text_color__hover_enabled=&#8221;off&#8221; button_border_width__hover_enabled=&#8221;off&#8221; button_one_border_width__hover_enabled=&#8221;off&#8221; button_two_border_width__hover_enabled=&#8221;off&#8221; button_border_color__hover_enabled=&#8221;off&#8221; button_one_border_color__hover_enabled=&#8221;off&#8221; button_two_border_color__hover_enabled=&#8221;off&#8221; button_border_radius__hover_enabled=&#8221;off&#8221; button_one_border_radius__hover_enabled=&#8221;off&#8221; button_two_border_radius__hover_enabled=&#8221;off&#8221; button_letter_spacing__hover_enabled=&#8221;off&#8221; button_one_letter_spacing__hover_enabled=&#8221;off&#8221; button_two_letter_spacing__hover_enabled=&#8221;off&#8221; button_bg_color__hover_enabled=&#8221;off&#8221; button_one_bg_color__hover_enabled=&#8221;off&#8221; button_two_bg_color__hover_enabled=&#8221;off&#8221;]<\/p>\n<p>&nbsp;<\/p>\n<p>&nbsp;<\/p>\n<p>&nbsp;<\/p>\n<p>&nbsp;<\/p>\n<p>&nbsp;<\/p>\n<p>&nbsp;<\/p>\n<p>[\/et_pb_slide][\/et_pb_fullwidth_slider][\/et_pb_section][et_pb_section fb_built=&#8221;1&#8243; _builder_version=&#8221;3.22&#8243;][et_pb_row column_structure=&#8221;1_3,2_3&#8243; module_class=&#8221; et_pb_row_fullwidth&#8221; _builder_version=&#8221;3.25&#8243; width=&#8221;89%&#8221; width_tablet=&#8221;80%&#8221; width_phone=&#8221;&#8221; width_last_edited=&#8221;on|desktop&#8221; max_width=&#8221;89%&#8221; max_width_tablet=&#8221;80%&#8221; max_width_phone=&#8221;&#8221; max_width_last_edited=&#8221;on|desktop&#8221; module_alignment=&#8221;center&#8221; animation_style=&#8221;slide&#8221; make_fullwidth=&#8221;on&#8221;][et_pb_column type=&#8221;1_3&#8243; _builder_version=&#8221;3.25&#8243; custom_padding=&#8221;|||&#8221; custom_padding__hover=&#8221;|||&#8221;][et_pb_image src=&#8221;https:\/\/metalmakowska.pl\/wp-content\/uploads\/2017\/12\/3.jpg&#8221; align=&#8221;center&#8221; align_tablet=&#8221;center&#8221; align_phone=&#8221;&#8221; align_last_edited=&#8221;on|desktop&#8221; _builder_version=&#8221;4.9.3&#8243; hover_enabled=&#8221;0&#8243; always_center_on_mobile=&#8221;on&#8221; title_text=&#8221;3&#8243; sticky_enabled=&#8221;0&#8243;][\/et_pb_image][\/et_pb_column][et_pb_column type=&#8221;2_3&#8243; _builder_version=&#8221;3.25&#8243; custom_padding=&#8221;|||&#8221; custom_padding__hover=&#8221;|||&#8221;][et_pb_text _builder_version=&#8221;3.27.4&#8243; text_font=&#8221;Exo 2|||on|||||&#8221; text_text_color=&#8221;#000000&#8243; text_font_size=&#8221;25px&#8221; header_font=&#8221;Exo 2||||||||&#8221; header_text_align=&#8221;left&#8221; header_text_color=&#8221;#000000&#8243;]<\/p>\n<p>OFERTA<\/p>\n<p>[\/et_pb_text][et_pb_text _builder_version=&#8221;4.9.3&#8243; text_font=&#8221;Exo 2||||||||&#8221; text_text_color=&#8221;#000000&#8243; text_font_size=&#8221;16px&#8221; header_font=&#8221;Exo 2||||||||&#8221; header_text_align=&#8221;left&#8221; header_text_color=&#8221;#000000&#8243;]<\/p>\n<p><span class=\"ff1 fs20\">Oferujemy:<\/span><span class=\"ff1 fs20\"><br \/><strong>stal i wyroby hutnicze\u00a0<\/strong><\/span><strong><span class=\"ff0 fs20\">kom:\u00a0<\/span><\/strong><span class=\"ff1 fs20\">507 801 590<br \/><strong>zbrojenia budowlane w\/g zam\u00f3wienia\u00a0<\/strong><\/span><strong><span class=\"ff0 fs20\">kom:\u00a0<\/span><\/strong><span class=\"ff1 fs20\">507 801 590<br \/><\/span><span class=\"ff0 fs20\"><\/span><span class=\"ff1 fs20\"><br \/><strong>gazy techniczne MESSER-<wbr \/>a\u00a0<\/strong><\/span><span class=\"ff0 fs20\"><strong>kom:<\/strong>\u00a0<\/span><span class=\"ff1 fs20\">506 506 071<br \/><strong>elementy do ogrodze\u0144 kutych\u00a0<\/strong><\/span><strong><span class=\"ff0 fs20\">kom:\u00a0<\/span><\/strong><span class=\"ff1 fs20\">506 506 071<\/span><span class=\"ff0 fs20\"><br \/><\/span><strong><span class=\"fs20 ff1\">zakupy z dostaw\u0105 na telefon\u00a0<\/span><span class=\"ff0 fs20\">kom:\u00a0<\/span><\/strong><span class=\"ff1 fs20\">506 506 071<\/span><span class=\"ff1 fs20\"><br \/><\/span><span class=\"ff0 fs20 cf0\"><br \/><\/span><strong><span class=\"ff1 fs20\">wynajem pomieszcze\u0144 magazynowych\u00a0<\/span><\/strong><span class=\"ff0 fs20\"><strong>kom:<\/strong>\u00a0<\/span><span class=\"ff1 fs20\">798 457 583<br \/><strong>transport d\u0142u\u017cycowy\u00a0<\/strong><\/span><span class=\"ff0 fs20\"><strong>kom:<\/strong>\u00a0<\/span><span class=\"ff1 fs20\">798 457 583<\/span><span class=\"ff0 fs20\"><br \/><\/span><strong><span class=\"fs20 ff1\">cynkowanie ogniowe\u00a0<\/span><span class=\"ff0 fs20\">kom:\u00a0<\/span><\/strong><span class=\"ff1 fs20\">798 457 583<\/span><\/p>\n<p>[\/et_pb_text][\/et_pb_column][\/et_pb_row][et_pb_row column_structure=&#8221;1_4,1_4,1_4,1_4&#8243; module_class=&#8221; et_pb_row_fullwidth&#8221; _builder_version=&#8221;3.25&#8243; width=&#8221;89%&#8221; width_tablet=&#8221;80%&#8221; width_phone=&#8221;&#8221; width_last_edited=&#8221;on|desktop&#8221; max_width=&#8221;89%&#8221; max_width_tablet=&#8221;80%&#8221; max_width_phone=&#8221;&#8221; max_width_last_edited=&#8221;on|desktop&#8221; module_alignment=&#8221;center&#8221; make_fullwidth=&#8221;on&#8221;][et_pb_column type=&#8221;1_4&#8243; _builder_version=&#8221;3.25&#8243; custom_padding=&#8221;|||&#8221; custom_padding__hover=&#8221;|||&#8221;][et_pb_text admin_label=&#8221;stal w\u0119glowa&#8221; _builder_version=&#8221;3.27.4&#8243; text_font=&#8221;Exo 2||||||||&#8221; text_text_color=&#8221;#000000&#8243; text_font_size=&#8221;16px&#8221; header_font=&#8221;Exo 2||||||||&#8221; header_text_color=&#8221;#000000&#8243;]<\/p>\n<p>stal w\u0119glowa :<\/p>\n<ul>\n<li>Blachy<\/li>\n<li>Rury<\/li>\n<li>Profile Zamkni\u0119te<\/li>\n<li>Kszta\u0142towniki<\/li>\n<li>Pr\u0119ty<\/li>\n<li>P\u0142askowniki \u0141ebkowe<\/li>\n<li>Grodzice<\/li>\n<\/ul>\n<p>[\/et_pb_text][et_pb_text admin_label=&#8221;materia\u0142y do obr\u00f3bki metali&#8221; _builder_version=&#8221;3.27.4&#8243; text_font=&#8221;Exo 2||||||||&#8221; text_text_color=&#8221;#000000&#8243; text_font_size=&#8221;16px&#8221; header_font=&#8221;Exo 2||||||||&#8221; header_text_color=&#8221;#000000&#8243;]<\/p>\n<p>materia\u0142y do obr\u00f3bki metali:<\/p>\n<ul>\n<li>szczotki druciane r\u0119czne i mechaniczne<\/li>\n<li>tarcze do ci\u0119cia i szlifowania<\/li>\n<li>brzeszczoty<\/li>\n<\/ul>\n<p>[\/et_pb_text][et_pb_text admin_label=&#8221;ci\u0119cie&#8221; _builder_version=&#8221;3.27.4&#8243; text_font=&#8221;Exo 2||||||||&#8221; text_text_color=&#8221;#000000&#8243; text_font_size=&#8221;16px&#8221; header_font=&#8221;Exo 2||||||||&#8221; header_text_color=&#8221;#000000&#8243;]<\/p>\n<p>Ci\u0119cie:<\/p>\n<ul>\n<li>palnikiem<\/li>\n<li>mechaniczne tarczowe i pi\u0142\u0105 ta\u015bmow\u0105<\/li>\n<li>na zam\u00f3wienie:laserem, plazm\u0105 , gilotyn\u0105<\/li>\n<\/ul>\n<p>[\/et_pb_text][\/et_pb_column][et_pb_column type=&#8221;1_4&#8243; _builder_version=&#8221;3.25&#8243; custom_padding=&#8221;|||&#8221; custom_padding__hover=&#8221;|||&#8221;][et_pb_text admin_label=&#8221;stal nierdzewna&#8221; _builder_version=&#8221;3.27.4&#8243; text_font=&#8221;Exo 2||||||||&#8221; text_text_color=&#8221;#000000&#8243; text_font_size=&#8221;16px&#8221; header_font=&#8221;Exo 2||||||||&#8221; header_text_color=&#8221;#000000&#8243;]<\/p>\n<p>stal nierdzewna :<\/p>\n<ul>\n<li>Blachy<\/li>\n<li>Rury<\/li>\n<li>Profile Zamkni\u0119te<\/li>\n<li>Pr\u0119ty\/P\u0142askowniki<\/li>\n<li>Kszta\u0142towniki<\/li>\n<li>Armatura<\/li>\n<\/ul>\n<p>[\/et_pb_text][et_pb_text admin_label=&#8221;Materia\u0142y BHP&#8221; _builder_version=&#8221;3.27.4&#8243; text_font=&#8221;Exo 2||||||||&#8221; text_text_color=&#8221;#000000&#8243; text_font_size=&#8221;16px&#8221; header_font=&#8221;Exo 2||||||||&#8221; header_text_color=&#8221;#000000&#8243;]<\/p>\n<p>Materia\u0142y BHP:<\/p>\n<ul>\n<li>pasty BHP<\/li>\n<li>R\u0119kawice robocze<\/li>\n<li>okulary ochronne<\/li>\n<\/ul>\n<p>[\/et_pb_text][et_pb_text admin_label=&#8221;wynajem&#8221; _builder_version=&#8221;3.27.4&#8243; text_font=&#8221;Exo 2||||||||&#8221; text_text_color=&#8221;#000000&#8243; text_font_size=&#8221;16px&#8221; header_font=&#8221;Exo 2||||||||&#8221; header_text_color=&#8221;#000000&#8243;]<\/p>\n<p>Wynajem:<\/p>\n<ul>\n<li>hal i pomieszcze\u0144 magazynowo-handlowych<\/li>\n<li>sklep\u00f3w<\/li>\n<li>warsztat\u00f3w<\/li>\n<li>gara\u017cy magazynowych<\/li>\n<li>plac\u00f3w magazynowych utwardzonych<\/li>\n<\/ul>\n<p>[\/et_pb_text][\/et_pb_column][et_pb_column type=&#8221;1_4&#8243; _builder_version=&#8221;3.25&#8243; custom_padding=&#8221;|||&#8221; custom_padding__hover=&#8221;|||&#8221;][et_pb_text admin_label=&#8221;metale nie\u017celazne&#8221; _builder_version=&#8221;3.27.4&#8243; text_font=&#8221;Exo 2||||||||&#8221; text_text_color=&#8221;#000000&#8243; text_font_size=&#8221;16px&#8221; header_font=&#8221;Exo 2||||||||&#8221; header_text_color=&#8221;#000000&#8243;]<\/p>\n<p>metale nie\u017celazne:<\/p>\n<ul>\n<li>Blachy\/Zwoje<\/li>\n<li>Pr\u0119ty<\/li>\n<li>Rury Okr\u0105g\u0142e<\/li>\n<li>Profile<\/li>\n<li>Kszta\u0142towniki<\/li>\n<li>Mied\u017a, mosi\u0105dz, br\u0105z<\/li>\n<\/ul>\n<p>[\/et_pb_text][et_pb_text admin_label=&#8221;Farby i akcesoria&#8221; _builder_version=&#8221;3.27.4&#8243; text_font=&#8221;Exo 2||||||||&#8221; text_text_color=&#8221;#000000&#8243; text_font_size=&#8221;16px&#8221; header_font=&#8221;Exo 2||||||||&#8221; header_text_color=&#8221;#000000&#8243;]<\/p>\n<p>Farby i akcesoria:<\/p>\n<ul>\n<li>\u00a0zabezpieczaj\u0105ce<\/li>\n<li>nawierzchniowe<\/li>\n<li>specjalistyczne<\/li>\n<li>cynk farby<\/li>\n<li>rozcienczalniki<\/li>\n<li>p\u0119dzle<\/li>\n<\/ul>\n<p>[\/et_pb_text][et_pb_text admin_label=&#8221;pokrycia dachowe&#8221; _builder_version=&#8221;3.27.4&#8243; text_font=&#8221;Exo 2||||||||&#8221; text_text_color=&#8221;#000000&#8243; text_font_size=&#8221;16px&#8221; header_font=&#8221;Exo 2||||||||&#8221; header_text_color=&#8221;#000000&#8243;]<\/p>\n<p>Pokrycia dachowe:<\/p>\n<ul>\n<li>blachy trapezowe<\/li>\n<li>blachodach\u00f3wka<\/li>\n<li>blachy opierzeniowe<\/li>\n<li>p\u0142yta warstwowa<\/li>\n<\/ul>\n<p>[\/et_pb_text][\/et_pb_column][et_pb_column type=&#8221;1_4&#8243; _builder_version=&#8221;3.25&#8243; custom_padding=&#8221;|||&#8221; custom_padding__hover=&#8221;|||&#8221;][et_pb_text admin_label=&#8221;materia\u0142y spawalnicze&#8221; _builder_version=&#8221;3.27.4&#8243; text_font=&#8221;Exo 2||||||||&#8221; text_text_color=&#8221;#000000&#8243; text_font_size=&#8221;16px&#8221; header_font=&#8221;Exo 2||||||||&#8221; header_text_color=&#8221;#000000&#8243;]<\/p>\n<p>materia\u0142y spawalnicze\u00a0:<\/p>\n<ul>\n<li>maski<\/li>\n<li>elektrody spawalnicze<\/li>\n<li>drut spawalniczy do MIG<\/li>\n<li>\u00a0gazy techniczne Messer-a<\/li>\n<\/ul>\n<p>[\/et_pb_text][et_pb_text admin_label=&#8221;Gotowe zbrojenia budowlane&#8221; _builder_version=&#8221;3.27.4&#8243; text_font=&#8221;Exo 2||||||||&#8221; text_text_color=&#8221;#000000&#8243; text_font_size=&#8221;16px&#8221; header_font=&#8221;Exo 2||||||||&#8221; header_text_color=&#8221;#000000&#8243;]<\/p>\n<p>Gotowe zbrojenia budowlane :<\/p>\n<ul>\n<li>strzemiona budowlane<\/li>\n<li>podci\u0105gi<\/li>\n<li>belki<\/li>\n<li>naro\u017cniki<\/li>\n<li>figury<\/li>\n<li>na zam\u00f3wienie Wed\u0142ug projektu klienta<\/li>\n<\/ul>\n<p>[\/et_pb_text][et_pb_text admin_label=&#8221;transport&#8221; _builder_version=&#8221;3.27.4&#8243; text_font=&#8221;Exo 2||||||||&#8221; text_text_color=&#8221;#000000&#8243; text_font_size=&#8221;16px&#8221; header_font=&#8221;Exo 2||||||||&#8221; header_text_color=&#8221;#000000&#8243;]<\/p>\n<p>Transport:<\/p>\n<ul>\n<li>ci\u0119\u017carowy do 8 ton<\/li>\n<li>ci\u0119\u017carowy zwyk\u0142y i d\u0142u\u017cycowy do 3 ton<\/li>\n<li>ci\u0119\u017carowy HDS do 8 ton<\/li>\n<\/ul>\n<p>[\/et_pb_text][\/et_pb_column][\/et_pb_row][\/et_pb_section]<\/p>\n","protected":false},"excerpt":{"rendered":"<p>&nbsp; &nbsp; &nbsp; &nbsp; &nbsp; &nbsp;&nbsp; &nbsp; &nbsp; &nbsp; &nbsp; &nbsp;&nbsp; &nbsp; &nbsp; &nbsp; &nbsp; &nbsp;OFERTA Oferujemy:stal i wyroby hutnicze\u00a0kom:\u00a0507 801 590zbrojenia budowlane w\/g zam\u00f3wienia\u00a0kom:\u00a0507 801 590gazy techniczne MESSER-a\u00a0kom:\u00a0506 506 071elementy do ogrodze\u0144 kutych\u00a0kom:\u00a0506 506 071zakupy z dostaw\u0105 na telefon\u00a0kom:\u00a0506 506 071wynajem pomieszcze\u0144 magazynowych\u00a0kom:\u00a0798 457 583transport d\u0142u\u017cycowy\u00a0kom:\u00a0798 457 583cynkowanie ogniowe\u00a0kom:\u00a0798 457 583stal w\u0119glowa : Blachy [&hellip;]<\/p>\n","protected":false},"author":4,"featured_media":0,"parent":0,"menu_order":0,"comment_status":"closed","ping_status":"closed","template":"","meta":{"_et_pb_use_builder":"on","_et_pb_old_content":"","_et_gb_content_width":"","footnotes":""},"class_list":["post-24808","page","type-page","status-publish","hentry"],"_links":{"self":[{"href":"https:\/\/metalmakowska.pl\/index.php?rest_route=\/wp\/v2\/pages\/24808","targetHints":{"allow":["GET"]}}],"collection":[{"href":"https:\/\/metalmakowska.pl\/index.php?rest_route=\/wp\/v2\/pages"}],"about":[{"href":"https:\/\/metalmakowska.pl\/index.php?rest_route=\/wp\/v2\/types\/page"}],"author":[{"embeddable":true,"href":"https:\/\/metalmakowska.pl\/index.php?rest_route=\/wp\/v2\/users\/4"}],"replies":[{"embeddable":true,"href":"https:\/\/metalmakowska.pl\/index.php?rest_route=%2Fwp%2Fv2%2Fcomments&post=24808"}],"version-history":[{"count":0,"href":"https:\/\/metalmakowska.pl\/index.php?rest_route=\/wp\/v2\/pages\/24808\/revisions"}],"wp:attachment":[{"href":"https:\/\/metalmakowska.pl\/index.php?rest_route=%2Fwp%2Fv2%2Fmedia&parent=24808"}],"curies":[{"name":"wp","href":"https:\/\/api.w.org\/{rel}","templated":true}]}}